21. Let r(h) be the third derivative of l(h). Give r(8).
0
Let v(l) = -3*l**2 + 90*l + 6. Let k be v(30). Let q(y) = 5*y - 4. Give q(k).
26
Let j(p) = 93*p - 12 - 43*p - 53*p - 4. Determine j(-4).
-4
Suppose -7 = 2*q - 3*j, 3*q + 2*j + 12 = 6*j. Let u(p) = -p**2 - 11*p - 2. What is u(q)?
22
Let z(a) = 1 + 2*a - 3*a + 2*a. Let f(c) be the first derivative of c**4/4 - c**3 - 6*c**2 + c + 10. Let t(y) = f(y) + 5*z(y). Determine t(4).
-6
Let f(a) = -a**2 - 6*a + 10. Let b(r) be the third derivative of r**6/120 + 7*r**5/60 - r**4/6 + 25*r**3/6 - 12*r**2. Let j be b(-8). Give f(j).
3
Let z(o) = -2*o + 9. Suppose -6 + 4 = -x - 2*d, -2*d = 4*x - 20. Determine z(x).
-3
Let u(s) = -9*s. Let i(a) = a + 3. Let y = -51 - -34. Let h = y + 15. Let x be i(h). Give u(x).
-9
Let g(j) = j**3 + 4*j**2 - j - 3. Let t = 26 + -13. Suppose 0 = 2*i - x - t, x - 3 + 1 = -i. Suppose i*q - 4*r = -16, -2*q + 3*r - 3 = -2*r. Determine g(q).
1
Let q(p) = p**3 + 34*p**2 - 3. Let m be q(-34). Let j(x) = -x**3 - 2*x**2 - x - 3. Calculate j(m).
9
Let s(y) = -y**2 + 4. Let q = 127 + -124. Give s(q).
-5
Suppose -s = -2*s - 4*z - 52, -365 = 5*s - z. Let l be (4 - s/(-8))*(-2)/5. Let t(h) = 3*h - 4*h - 2 + 3. Determine t(l).
-1
Let n(b) = -b**2 + 5*b - 7. Suppose -159*c + 18 = -156*c. Give n(c).
-13
Let b(n) be the third derivative of 5*n**4/12 + n**3 - 60*n**2. Give b(-5).
-44
Let v(f) = 2*f**2 + 5*f - 4. Suppose 0 = 2*j + 1 + 7. Determine v(j).
8
Let h(j) = 8*j + 1. Let q(f) = -27*f + 2. Let b(r) = -3*h(r) - q(r). Let z = -2 - -8. Determine b(z).
13
Let x(h) = -2*h**3 - 7*h**2 - 6*h - 4. Let u be x(-4). Let l(a) = -21 + u - 2*a - 16. Calculate l(-3).
5
Let o(l) = -l**2 - 7*l - 4. Let f be o(-6). Let r(g) = 0*g + f*g - 3*g**2 - 4 + g**3 + 2*g. Let k be 7/(-7)*(-1 - -8) - -10. What is r(k)?
8
Let r be (-38)/(-12) - 3/18. Let j(h) = -r - 2*h**2 + h + 3. Let f be (-5)/(-20) - (-6)/8. Give j(f).
-1
Let n(d) = -d**3 - 4*d**2 - 6*d - 3. Let c be (-6)/((-16)/32 + 3 + -1). What is n(c)?
21
Let z(s) = s**2 - 7*s + 8. Let p(h) = -h**3 + 9*h**2 - 6*h - 8. Let n be p(8). Let f = 8 - n. Let k be 2 - (-1 - (3 + f)). Calculate z(k).
2
Let o = -2/359 - -399/7180. Let t(q) be the second derivative of o*q**5 + 0 + 0*q**4 + 2*q - 1/6*q**3 + 0*q**2. Give t(1).
0
Suppose 0 = -q - 14. Let n = -5 + q. Let i = n - -18. Let x(l) = 13*l**3 + 1. Calculate x(i).
-12
Suppose -17 - 22 = 3*q. Let w = q - -19. Let l(v) = -1 + 2 + v + 0. Give l(w).
7
Suppose c + c - d - 5 = 0, -3*c - 4*d + 24 = 0. Let p(w) = -5*w - 10. Determine p(c).
-30
Let w(p) be the second derivative of 4*p**3/3 + 35*p**2/2 + 29*p + 1. What is w(-4)?
3
Let a(r) be the second derivative of r**5/20 - 2*r**4/3 - 13*r**3/6 + 21*r**2/2 - 127*r. What is a(9)?
-15
Let y be (-115)/(-3) - 26/78. Let v = -44 + y. Let l(x) be the first derivative of x**4/4 + 2*x**3 + x**2/2 + 7*x - 5. What is l(v)?
1
Let i(t) = -9*t**3 - t - 1. Let l = -514 - -513. What is i(l)?
9
Let l(s) = -s + 8. Let c(y) = 2*y**2 - 8*y + 6. Let r be c(4). Let n be l(r). Let p(b) = -4*b**n - b**3 - b**2 + b - 2 + 0*b - 4*b. Calculate p(-3).
-11
Let o(v) = -v**2 - 7*v - 1. Let d be 2*(-3)/(-6)*(1 + 2). Suppose 5*x - 2*x = -i - 20, -3*i = -d*x - 36. Give o(x).
-9
Let p(j) = 4*j**3 + 3*j**2 + j + 5. Let i(q) = -9*q**3 - 6*q**2 - q - 11. Let w(f) = -2*i(f) - 5*p(f). Give w(-2).
7
Let m = -25 - -14. Let w(f) = -12*f. Let j(a) be the first derivative of 2*a**2 - 213. Let q(s) = m*j(s) - 4*w(s). What is q(2)?
8
Let f(t) = -t**3 + 4*t**2 + 2*t - 4. Let r = -106 + 109. What is f(r)?
11
Let d(h) be the second derivative of -h**3 + 3*h**2/2 - 90*h. Determine d(2).
-9
Let k be 2 - (-3 - (-6)/(-1)). Let b be 2/8 - k/(-4). Let j(g) = -6*g - 4. Let h(x) = 11*x + 8. Let d(u) = -3*h(u) - 5*j(u). Give d(b).
-13
Let o(c) be the third derivative of 1/3*c**3 + 0*c - 1/8*c**4 - 1/12*c**5 + 0 + 1/120*c**6 - 5*c**2. Determine o(5).
-13
Let x(k) = 15*k**2 + 15*k + 153. Let a(g) = -7*g**2 - 8*g - 72. Let c(m) = -13*a(m) - 6*x(m). Calculate c(-12).
-6
Let s(k) = -38*k - 17. Let i(w) = -92*w - 42. Let f(q) = -5*i(q) + 12*s(q). What is f(-13)?
-46
Let o(q) = -2*q + 4. Let n(r) = -11*r + 24. Let s(v) = n(v) - 6*o(v). What is s(2)?
2
Let c(y) = -3*y - 18. Suppose -2*o - 4*a = -4, 5*o + a + 17 + 0 = 0. Let v be c(o). Let n(s) = s + 5. Calculate n(v).
-1
Let a be 9/2 + (-1)/(-2). Suppose a*x = 20, 0 = -5*o + 2*x - 3*x + 9. Let r(l) = 9*l - 11. Let s(w) = -28*w + 38. Let f(d) = 7*r(d) + 2*s(d). Give f(o).
6
Suppose 228 = 10*p + 268. Let y(m) = -5*m**2 - m**3 - 5 + 0*m - 4*m + 0. What is y(p)?
-5
Let a be (0 + 3)*10/30. Let h(v) = -1 + 8*v**3 - 22*v**2 - 33*v**2 + 56*v**2. What is h(a)?
8
Let r(d) = -d + 2. Let m(y) = 3*y - 3. Suppose -3*o - o + 20 = 0. Let p(k) = o*r(k) + 2*m(k). Give p(-7).
-3
Let a(h) = -h - 12. Suppose -2*i + 7*i - 35 = 0. Let q(d) = -d - 13. Let n(m) = i*a(m) - 6*q(m). Determine n(0).
-6
Let k(v) be the second derivative of v**5/60 - 7*v**4/24 + 3*v**3/2 + 11*v**2/2 + 12*v. Let l(w) be the first derivative of k(w). Determine l(6).
3
Let h(n) be the second derivative of 0 - 1/6*n**3 + 1/12*n**4 - 1/20*n**5 + 11/2*n**2 + 41*n. Calculate h(0).
11
Let a(x) be the second derivative of -x**4/12 - x**3/6 - 21*x**2 - 340*x. Calculate a(0).
-42
Let a(c) be the second derivative of -c**5/20 + 11*c**4/12 - 2*c**3 - 5*c**2 + 100*c. Determine a(10).
-30
Let q(f) = -f. Let v(z) = -4*z**2 + 2*z + 1. Let x(p) = -2*q(p) - v(p). Suppose m + 12 = 3*m. Suppose -4*u - m = -10. Give x(u).
3
Let v(s) = -s**2 - 3*s. Let c(k) = 2*k**2 + 9*k - 5. Let g(z) = -c(z) - v(z). Calculate g(-8).
-11
Let u(h) = 3*h - h**3 - 5*h**2 + 4*h**2 + 1 - h - 3*h**2. Let d be (-73 - -68)/(3 - 2). Determine u(d).
16
Suppose -7*q + 856 = 247. Let f(r) = -47 - 43 + q - r. Calculate f(-3).
0
Let l(z) = 3*z**3 + 3*z**2 + 2. Let f(k) = -4*k**3 - 4*k**2 - 3. Let g(v) = -2*f(v) - 3*l(v). Let q be g(-2). Suppose n = q*n. Let x(w) = -w + 8. Give x(n).
8
Let s(p) be the third derivative of 7*p**5/60 + p**3/6 + p**2. Let f = -11 - -21. Suppose -5*g = -f*g + 5. Give s(g).
8
Let k(y) = 3*y + 46. Let x be k(16). Let b = -104 + x. Let t(n) = -n**3 - 11*n**2 - 11*n - 15. Determine t(b).
-5
Let l(t) = -20*t**2 + 14. Let h(z) = -7*z**2 + 5. Let b(i) = -17*h(i) + 6*l(i). Let n be 7/(-5) - (-22)/55. Let v = n + 0. What is b(v)?
-2
Suppose 14 + 6 = 10*d. Let k(z) = z + z**3 + 6 + 6*z**d - z. Calculate k(-6).
6
Let x be (-6)/9 - (-88)/6. Suppose 3*m + 3*w + 12 = 0, -w = 2*m + 3*w + x. Let n(u) = 7*u**3 - u - 1. What is n(m)?
-7
Let w(a) = -a**3 - 6*a**2 - a. Let d(v) = v**2 + v + 1. Let s(i) = -4*d(i) - w(i). Calculate s(-3).
-4
Let z(g) = -3*g**2 - 16*g + 21. Let r(y) = -y**2 - 8*y + 10. Let a(d) = 5*r(d) - 2*z(d). What is a(7)?
1
Let t(u) = -3 + 5*u + 2*u - u**2 + 0*u. Suppose 0 = 18*c - 44 - 64. What is t(c)?
3
Suppose 12 = -3*x, 0*l - 3*x = 2*l - 88. Let f be l/(-6) - 8/(-24). Let p(y) be the third derivative of -y**4/24 - 11*y**3/6 + y**2. Determine p(f).
-3
Suppose -b - 6 = 3*o, -1 = b - 3*o - 13. Let v(z) = z**2 + 4*z + 2. Let m(h) = h**2 - h - 1. Let a(q) = b*m(q) + v(q). Determine a(-2).
13
Let t(q) be the second derivative of -q**5/20 + q**4/6 - q**3/3 - 708*q. Calculate t(1).
-1
Let p be (-14)/7 + -3 - (-2 + 4). Let f(y) = -y**3 - 8*y**2 - 8*y - 2. Give f(p).
5
Let s(p) = -p**2 - 4*p + 3. Let r be s(-6). Let d(m) = -m - 7. Let a be d(r). Let k(u) = 1 - 13*u**2 - 2 + u**a. Give k(-1).
-13
Let z(c) = c + 3. Let s(h) = 7*h + 6. Let a(q) = s(q) + z(q). Calculate a(-3).
-15
Let v(d) = -d**2 - 7*d - 3. Let q be v(-6). Let u be 2 - (-12)/q - 3. Let y(n) = 1 + n**3 - u + 6*n**2 - 5*n + 9*n. Calculate y(-5).
3
Let p(m) = 9*m + m**2 - 2*m**2 - 1 - 8*m - 2*m - 8*m**3. Determine p(-1).
7
Let j(s) = -s + 2. Let a(r) = 8*r**3 + r**2 - 2*r. Let k be (-3)/(9/3) - (-4 - -2). Let x be a(k). Give j(x).
-5
Let b(w) = w**3 - 9*w**2 + 6*w + 7. Let p(t) = -t**3 + 26*t**2 + 33*t - 154. Let q be p(27). Determine b(q).
-9
Let d(g) be the second derivative of g**7/2520 - g**6/180 + g**5/40 + g**4/6 - 6*g. Let c(i) be the third derivative of d(i). Give c(5).
8
Let j(o) = -o - 5. Let t(c) = 1. Let h = 68 - 46. Let a be 42/(-11) - 4/h. Let d(z) = a*t(z) - j(z). Determine d(-1).
0
Let j(a) = -a + 2. Let p = -11 + 22. Suppose 4*g = 9 + p. Give j(g).
-3
Let t(x) = -x**2 - 3*x + 